{"id":782,"date":"2024-09-05T22:28:21","date_gmt":"2024-09-05T20:28:21","guid":{"rendered":"https:\/\/www.cnvl.fr\/?page_id=782"},"modified":"2025-08-17T18:54:03","modified_gmt":"2025-08-17T16:54:03","slug":"cnvl-secourisme","status":"publish","type":"page","link":"https:\/\/www.cnvl.fr\/?page_id=782","title":{"rendered":"CNVL Secourisme"},"content":{"rendered":"\n<div class=\"wp-block-columns is-layout-flex wp-container-core-columns-is-layout-28f84493 wp-block-columns-is-layout-flex\">\n<div class=\"wp-block-column is-layout-flow wp-block-column-is-layout-flow\">\n<figure class=\"wp-block-image size-large\"><img loading=\"lazy\" decoding=\"async\" width=\"991\" height=\"1024\" src=\"https:\/\/www.cnvl.fr\/wp-content\/uploads\/2024\/09\/logo_cnvl_secourisme-result-991x1024.png\" alt=\"\" class=\"wp-image-779\" srcset=\"https:\/\/www.cnvl.fr\/wp-content\/uploads\/2024\/09\/logo_cnvl_secourisme-result-991x1024.png 991w, https:\/\/www.cnvl.fr\/wp-content\/uploads\/2024\/09\/logo_cnvl_secourisme-result-290x300.png 290w, https:\/\/www.cnvl.fr\/wp-content\/uploads\/2024\/09\/logo_cnvl_secourisme-result-768x794.png 768w, https:\/\/www.cnvl.fr\/wp-content\/uploads\/2024\/09\/logo_cnvl_secourisme-result-1486x1536.png 1486w, https:\/\/www.cnvl.fr\/wp-content\/uploads\/2024\/09\/logo_cnvl_secourisme-result-1982x2048.png 1982w\" sizes=\"auto, (max-width: 991px) 100vw, 991px\" \/><\/figure>\n<\/div>\n\n\n\n<div class=\"wp-block-column is-layout-flow wp-block-column-is-layout-flow\">\n<figure class=\"wp-block-image size-large\"><img loading=\"lazy\" decoding=\"async\" width=\"1024\" height=\"262\" src=\"https:\/\/www.cnvl.fr\/wp-content\/uploads\/2024\/09\/LOGO-Antenne-departemental-2021-1024x262.jpg\" alt=\"\" class=\"wp-image-778\" srcset=\"https:\/\/www.cnvl.fr\/wp-content\/uploads\/2024\/09\/LOGO-Antenne-departemental-2021-1024x262.jpg 1024w, https:\/\/www.cnvl.fr\/wp-content\/uploads\/2024\/09\/LOGO-Antenne-departemental-2021-300x77.jpg 300w, https:\/\/www.cnvl.fr\/wp-content\/uploads\/2024\/09\/LOGO-Antenne-departemental-2021-768x197.jpg 768w, https:\/\/www.cnvl.fr\/wp-content\/uploads\/2024\/09\/LOGO-Antenne-departemental-2021.jpg 1186w\" sizes=\"auto, (max-width: 1024px) 100vw, 1024px\" \/><\/figure>\n\n\n\n<p>Le CNVL est affili\u00e9 \u00e0 la F\u00e9d\u00e9ration Nationale des M\u00e9tiers de la Natation et du Sport depuis Janvier 2024. L&rsquo;association est incluse \u00e0 la FNMNS en tant qu&rsquo;antenne de formation du d\u00e9partement 31.<\/p>\n\n\n\n<p><\/p>\n<\/div>\n<\/div>\n\n\n\n<p>A ce titre l&rsquo;association propose un catalogue de formations en secourisme ainsi qu&rsquo;en surveillance aquatique.<\/p>\n\n\n\n<p>Pour tout renseignement concernant nos formations vous pouvez nous joindre par mail au <a href=\"mailto:secretariat.cnvl@gmail.com\">secretariat.cnvl@gmail.com<\/a><\/p>\n\n\n\n<h2 class=\"wp-block-heading\">Les formations au catalogue de notre section CNVL Secourisme<\/h2>\n\n\n\n<figure class=\"wp-block-table\"><table class=\"has-fixed-layout\"><tbody><tr><td class=\"has-text-align-center\" data-align=\"center\"><strong>Formation<\/strong><\/td><td class=\"has-text-align-center\" data-align=\"center\"><strong>Dur\u00e9e<\/strong><\/td><td class=\"has-text-align-center\" data-align=\"center\"><strong>Cout de la formation<\/strong><\/td><\/tr><tr><td class=\"has-text-align-center\" data-align=\"center\"><strong>PSC1 Pr\u00e9vention et Secours Civique de niveau 1<\/strong><\/td><td class=\"has-text-align-center\" data-align=\"center\">7h<\/td><td class=\"has-text-align-center\" data-align=\"center\">Formation: 60\u20ac<br>Diplome: 10\u20ac<\/td><\/tr><tr><td class=\"has-text-align-center\" data-align=\"center\"><strong>BNSSA Brevet National de S\u00e9curit\u00e9 Sauvetage Aquatique<\/strong><br>(le PSE n&rsquo;est pas inclus)<\/td><td class=\"has-text-align-center\" data-align=\"center\">60h<\/td><td class=\"has-text-align-center\" data-align=\"center\">Formation: 270\u20ac<br>Adh\u00e9sion FNMNS : 10\u20ac<br>Assurance FNMNS (si obtention) : 30\u20ac<\/td><\/tr><tr><td class=\"has-text-align-center\" data-align=\"center\"><strong>FC BNSSA<\/strong><\/td><td class=\"has-text-align-center\" data-align=\"center\">40h<\/td><td class=\"has-text-align-center\" data-align=\"center\">180\u20ac<\/td><\/tr><tr><td class=\"has-text-align-center\" data-align=\"center\"><strong>FC PSE1<\/strong><\/td><td class=\"has-text-align-center\" data-align=\"center\">7h<\/td><td class=\"has-text-align-center\" data-align=\"center\">60\u20ac<\/td><\/tr><\/tbody><\/table><\/figure>\n\n\n\n<p>Le passage du PSE1 est \u00e0 effectu\u00e9 aupr\u00e8s du CFMNS31 ou d&rsquo;un organisme habilit\u00e9 d&rsquo;une autre f\u00e9d\u00e9ration (environ 250\u20ac). Il est \u00e0 rappeler que pour passer l&rsquo;examen du BNSSA le candidat doit etre titulaire d&rsquo;un PSE1 valide<\/p>\n","protected":false},"excerpt":{"rendered":"<p>Le CNVL est affili\u00e9 \u00e0 la F\u00e9d\u00e9ration Nationale des M\u00e9tiers de la Natation et du Sport depuis Janvier 2024. L&rsquo;association [&hellip;]<\/p>\n","protected":false},"author":2,"featured_media":0,"parent":0,"menu_order":0,"comment_status":"closed","ping_status":"closed","template":"","meta":{"site-sidebar-layout":"default","site-content-layout":"","ast-site-content-layout":"","site-content-style":"default","site-sidebar-style":"default","ast-global-header-display":"","ast-banner-title-visibility":"","ast-main-header-display":"","ast-hfb-above-header-display":"","ast-hfb-below-header-display":"","ast-hfb-mobile-header-display":"","site-post-title":"","ast-breadcrumbs-content":"","ast-featured-img":"","footer-sml-layout":"","theme-transparent-header-meta":"","adv-header-id-meta":"","stick-header-meta":"","header-above-stick-meta":"","header-main-stick-meta":"","header-below-stick-meta":"","astra-migrate-meta-layouts":"default","ast-page-background-enabled":"default","ast-page-background-meta":{"desktop":{"background-color":"var(--ast-global-color-4)","background-image":"","background-repeat":"repeat","background-position":"center center","background-size":"auto","background-attachment":"scroll","background-type":"","background-media":"","overlay-type":"","overlay-color":"","overlay-opacity":"","overlay-gradient":""},"tablet":{"background-color":"","background-image":"","background-repeat":"repeat","background-position":"center center","background-size":"auto","background-attachment":"scroll","background-type":"","background-media":"","overlay-type":"","overlay-color":"","overlay-opacity":"","overlay-gradient":""},"mobile":{"background-color":"","background-image":"","background-repeat":"repeat","background-position":"center center","background-size":"auto","background-attachment":"scroll","background-type":"","background-media":"","overlay-type":"","overlay-color":"","overlay-opacity":"","overlay-gradient":""}},"ast-content-background-meta":{"desktop":{"background-color":"var(--ast-global-color-5)","background-image":"","background-repeat":"repeat","background-position":"center center","background-size":"auto","background-attachment":"scroll","background-type":"","background-media":"","overlay-type":"","overlay-color":"","overlay-opacity":"","overlay-gradient":""},"tablet":{"background-color":"var(--ast-global-color-5)","background-image":"","background-repeat":"repeat","background-position":"center center","background-size":"auto","background-attachment":"scroll","background-type":"","background-media":"","overlay-type":"","overlay-color":"","overlay-opacity":"","overlay-gradient":""},"mobile":{"background-color":"var(--ast-global-color-5)","background-image":"","background-repeat":"repeat","background-position":"center center","background-size":"auto","background-attachment":"scroll","background-type":"","background-media":"","overlay-type":"","overlay-color":"","overlay-opacity":"","overlay-gradient":""}},"footnotes":""},"class_list":["post-782","page","type-page","status-publish","hentry"],"_links":{"self":[{"href":"https:\/\/www.cnvl.fr\/index.php?rest_route=\/wp\/v2\/pages\/782","targetHints":{"allow":["GET"]}}],"collection":[{"href":"https:\/\/www.cnvl.fr\/index.php?rest_route=\/wp\/v2\/pages"}],"about":[{"href":"https:\/\/www.cnvl.fr\/index.php?rest_route=\/wp\/v2\/types\/page"}],"author":[{"embeddable":true,"href":"https:\/\/www.cnvl.fr\/index.php?rest_route=\/wp\/v2\/users\/2"}],"replies":[{"embeddable":true,"href":"https:\/\/www.cnvl.fr\/index.php?rest_route=%2Fwp%2Fv2%2Fcomments&post=782"}],"version-history":[{"count":6,"href":"https:\/\/www.cnvl.fr\/index.php?rest_route=\/wp\/v2\/pages\/782\/revisions"}],"predecessor-version":[{"id":805,"href":"https:\/\/www.cnvl.fr\/index.php?rest_route=\/wp\/v2\/pages\/782\/revisions\/805"}],"wp:attachment":[{"href":"https:\/\/www.cnvl.fr\/index.php?rest_route=%2Fwp%2Fv2%2Fmedia&parent=782"}],"curies":[{"name":"wp","href":"https:\/\/api.w.org\/{rel}","templated":true}]}}